when c(-8) is divided by (-6)/(-15) - (354/(-15) + 0).
18
Let a(v) = -2*v**2 - 23*v - 13. What is the remainder when 269 is divided by a(-10)?
14
Let c = 144 + -113. Calculate the remainder when c is divided by 3.
1
Suppose 0 = 5*c - 1032 + 262. Let b be (-1)/(-2) + (-207)/6*3. Let o = c + b. Calculate the remainder when o is divided by 14.
9
Let p be 21/3*(-4 - -5). Let f(u) = 0 - 1 + 3*u + 1 - p. Calculate the remainder when f(4) is divided by 3.
2
Let q be (-14)/(-8) + (-7)/(-28). Suppose -q*l = -10*l + 64. Calculate the remainder when l is divided by 6.
2
Suppose 0 = 3*l - l + 2*q - 66, -4*l - q = -144. What is the remainder when 258 is divided by l?
36
Let p = 492 + -304. Let t = 286 - p. Calculate the remainder when t is divided by 25.
23
Let s be 6/9 - 20/(-6). Suppose -s*p = j - p - 44, 3*p = 2*j - 97. Let k = j + -24. What is the remainder when k is divided by 13?
10
Let b(i) = 4*i - 26. Suppose -2*f = -4*m + 40, -2*f + 0*f - 8 = 0. Let u(k) = -14*k - 1. Calculate the remainder when u(-2) is divided by b(m).
3
Suppose 0 = -6*x + 115 + 29. What is the remainder when (56/x)/((-1)/(-27)) is divided by 23?
17
Suppose 0 = -19*f - 188 + 321. Calculate the remainder when 1153 is divided by f.
5
Suppose 0 = -2*s - 4*u + 32, -4*s - 10*u = -12*u - 14. Calculate the remainder when 226 is divided by s.
4
Suppose 0 = g + r - 71, -3*g - 5*r + 268 = 51. Let w = -49 + g. Calculate the remainder when 37 is divided by w.
17
Let v(d) = 5*d + 14. What is the remainder when 51 is divided by v(-2)?
3
Suppose 208 + 8 = 4*k. Suppose 4*s = -4*d - 28, 3*s + 5*d = s - 17. What is the remainder when k is divided by (5 - -2) + (-6)/s?
6
Let d(y) = -2*y + 40. Let t(h) = h**2 - 3*h - 1. What is the remainder when t(5) is divided by d(17)?
3
Let c(x) = 8*x**2 - 11*x - 15. Suppose -3*r + 5*r = 5*s + 40, -4 = s. What is the remainder when c(-4) is divided by r?
7
Suppose 3*p + 306 = 5*p. Suppose 594 = 11*y + 16*y. What is the remainder when p is divided by y?
21
Suppose -762 = -4*m - 2*v, 207 = -0*m + m - 5*v. Suppose -4*d = -8*d + m. Suppose -4*y = -2*w + d, y + 4 + 16 = w. What is the remainder when w is divided by 7?
2
Let o be -6*(-2)/4 - -4. Let k = o - 1. Calculate the remainder when 8 is divided by k.
2
Suppose 1983 = 7*j - 180. Suppose -225 = -5*m + 4*s, 5*m - j = s - 99. Calculate the remainder when m is divided by 9.
5
Suppose -6*i + 2*g = -3*i + 9, 3*i = 4*g - 3. Let m(u) = -u**3 - 2*u**2 + 7*u + 5. What is the remainder when m(i) is divided by 16?
13
Let s be (-4)/(-6) - (-22)/3. Let i(p) = -p**2 + 11*p - 7. Suppose 527 = 6*f + 125. Calculate the remainder when f is divided by i(s).
16
Let i be (-52)/(-12) - (-2)/3. Let t be 84 + -2 + (1 - -1). Suppose -i*a - t = -3*m, 0 = -m - m + 5*a + 51. What is the remainder when m is divided by 12?
9
Let h(c) = -2*c + 7. Let b be h(-1). Let a(s) = s**2 - 10*s + 19. What is the remainder when (-1 - -2)/((-1)/(-17)) is divided by a(b)?
7
What is the remainder when 93 is divided by -3 + 180/(30/6)?
27
Let x be (22/(-10) - -2) + (-144)/(-45). What is the remainder when 229/x + 1/(6/4) is divided by 16?
13
Let b be (-1)/(-2) + (-66)/(-12). Suppose 0*w - b = -3*w. Suppose 3*f - 85 = 4*m, -f = 3*f + w*m - 84. What is the remainder when 68 is divided by f?
22
Let s = 799 + -46. Calculate the remainder when s is divided by 29.
28
Suppose v = -3*v + 12. Let i = 6 + 5. Calculate the remainder when 17 - 6*v/(-6) is divided by i.
9
Suppose 221 + 269 = 7*a. Let h(o) = -o**3 - o**2 + 2*o - 4. Let g be h(-3). What is the remainder when a is divided by (g/10)/(1/30)?
22
Let d(p) = p**2 + 9*p + 12. What is the remainder when -23*3/(0 + -3) is divided by d(-9)?
11
Suppose -5*n = -3*x - 2*n + 48, -3*n = -2*x + 33. Calculate the remainder when x is divided by 3.
0
Suppose -9 = -b - 2*b. Suppose -3*n + q + 53 = 0, -b*q - 58 = -3*n - q. What is the remainder when 47 is divided by n?
15
Let w(v) be the second derivative of -v**5/20 - 7*v**4/12 - 2*v**3 - v**2 - 8*v. Calculate the remainder when w(-6) is divided by 18.
16
Let n = 318 + -316. What is the remainder when 7 is divided by n?
1
Suppose 4*f + 0*f - 23 = 5*c, 5*c = -3*f - 9. Suppose -4*n - 4*p + 53 = -3, 5*p = f*n - 14. What is the remainder when 34 is divided by n?
10
Suppose 0 = -2*i + 3*f + 18, -6*i = -4*i - 2*f - 18. What is the remainder when 107 is divided by i?
8
Suppose -2*o - 5*w + 18 = 0, -w = 3*o + 3*w - 13. Let b be (o/3)/(2/(-24)). What is the remainder when (6/b)/(1/10) is divided by 4?
3
Let r be 2/(-6) + 600/(-36). Let u = r - -63. Suppose -u = -2*q + 36. What is the remainder when q is divided by 21?
20
Let s(x) = -21*x - 95. Calculate the remainder when s(-5) is divided by (8/6)/(4/18).
4
Let v(i) = -i**2 + 2*i - 2. Let m be v(1). Calculate the remainder when 24 is divided by m/(0 + 2/(-10)).
4
Suppose i = -2*l + 14 - 4, l = 3. What is the remainder when 63 is divided by i?
3
Let v(i) = i**3 - i**2 + 92. Let u be v(0). Let n = u - 83. Calculate the remainder when 33 is divided by n.
6
Suppose -10*s = s - 176. Suppose -5*f = -5*m + 5, 2*m + 5*f = s + 7. Calculate the remainder when 19 is divided by m.
3
Suppose -2*y + 5*g + 96 = -156, -g + 576 = 5*y. What is the remainder when y is divided by 9?
8
Suppose w = -2*h + 168, -4*h + 11*w + 316 = 8*w. What is the remainder when h is divided by 37?
8
Let k(i) = 10*i + 9. Calculate the remainder when k(7) is divided by 27.
25
Calculate the remainder when 708 - 8/(8/5) is divided by 32.
31
Suppose 31*k - 1248 = -752. Calculate the remainder when 91 is divided by k.
11
Calculate the remainder when 192 is divided by (5 + (-143)/22)*-12.
12
Let y(v) = 2*v**3 - 11*v**2 + 14*v - 19. What is the remainder when 59 is divided by y(5)?
7
Let n be (-20 - -2) + (4 - 3). Let u = n + 9. Let q(l) = -l**2 - 9*l + 5. Calculate the remainder when 24 is divided by q(u).
11
Let a(k) = 2*k**3 - 2*k**2 - k + 1. Let l be a(2). Let g(n) = -n**2 + 8*n + 4. What is the remainder when 65 is divided by g(l)?
10
Let u(l) = -l**2 + 13*l + 48. What is the remainder when (-259)/(-4) - (-7)/28 is divided by u(14)?
31
Suppose 5*r - 103 = -4*x, -32*x + r = -35*x + 80. What is the remainder when 146 is divided by x?
11
Calculate the remainder when (-243)/(-45)*(25 + 0) is divided by 20.
15
Let b = 1266 + -1255. Calculate the remainder when b is divided by 10.
1
Suppose -2912 = -99*q + 2632. Calculate the remainder when 301 is divided by q.
21
Suppose -7*t - t + 1248 = 0. Let a = t + -103. What is the remainder when a is divided by 28?
25
Suppose -5*g + 3*p = -91, -4*g + p + 78 = -4*p. Let x be 12/(-10)*(-20)/6. Suppose -o + 325 = x*o. What is the remainder when o is divided by g?
14
Let r be 44/8 - (-6)/(-4). Let c = -3 + r. Let m(a) = a**3 - a + 3. Calculate the remainder when m(0) is divided by c.
0
Suppose -6*h = 4*f - 3*h - 161, -15 = -5*h. Calculate the remainder when 264 is divided by f.
36
Let i be (-231)/18 - (-1)/(-6). Let j = -8 - i. Calculate the remainder when 9 is divided by j.
4
Let j(n) = -n**2 - 30*n - 206. What is the remainder when 88 is divided by j(-11)?
1
Suppose -i + 2*p = -56, -5*p = 4*i - 220 - 17. Calculate the remainder when 115 is divided by (i/4)/(-1*2/(-4)).
28
Let s = 1103 - 1060. Suppose 5*w = 2*w - 5*j + 8, w - 4*j = 31. What is the remainder when s is divided by w?
10
Suppose d = l - d + 72, 4*d = -2*l - 104. Let z = l + 88. Let g = -312 + 441. Calculate the remainder when g is divided by z.
25
Let n(l) = 3*l - 7. Let k be n(3). What is the remainder when ((-26)/(-4))/(k/4) is divided by 4?
1
Suppose -4*n + c + 39 = 0, -11*c + 1 = -10*c. What is the remainder when 14 - (2 + -6 + 3) is divided by n?
5
Suppose -c + 3 = 0, -3*s - 3*c + 80 = -25. Suppose 82 + s = 3*n. Calculate the remainder when n is divided by 14.
10
Let j = 18 + -16. Suppose -l = -4*h - 12, l + 34 = -j*l - 2*h. What is the remainder when 34 is divided by 2*4/l*-7?
6
Let a(k) = 4*k**2 + 3*k + 3. Let o = -6603 - -6644. Calculate the remainder when o is divided by a(-2).
2
Suppose 2*w = -15 + 1. Let c(l) = l**2 - 4*l - 69. What is the remainder when 21 is divided by c(w)?
5
Suppose -2*d + 18 - 2 = 0. What is the remainder when 12 + -21 - (1 - 21) is divided by d?
3
Let d = 331 - 288. Let z(u) = 2*u**3 + u**2 - u + 1. Let o be z(1). Suppose -t = t + o*r - 26, 